te the greatest common factor of 22 and g.
22
Suppose 81 = 7*h - 1263. Suppose -2*r + r + h = 0. What is the greatest common divisor of 12 and r?
12
Suppose -139*s + 23187 = -8*s. What is the greatest common divisor of 1121 and s?
59
Let j(h) = -63*h - 1. Let v be j(-1). Suppose -v = -4*z + 18. Calculate the greatest common divisor of 50 and z.
10
Suppose 0 = 2*x - 4*q + 2 - 6, -3*q = 3. Suppose -4*s = 4*k - 136, x = 3*k - 6*k - 3. Calculate the greatest common factor of s and 5.
5
Suppose -11*v + 788 + 400 = 0. Let s be (-1 - -2)*(-1 - -3). Suppose -3*a + 60 = 5*p, s*a = -2*a. What is the highest common divisor of p and v?
12
Let q(s) be the first derivative of s**4/4 - 3*s**3 + 4*s**2 + 6*s - 12. Let f be q(8). Calculate the greatest common divisor of f and 30.
6
Suppose 506 = 38*m + 8*m. Suppose -u + 176 = 3*u. Calculate the highest common divisor of u and m.
11
Let z be (-1)/(2*(-4)/16). Suppose -5*h + z*r + 54 = 3*r, 5*r = -5. Let o be -2 + -2 + 18 + -3. What is the highest common divisor of h and o?
11
Suppose -5578 = -5*m - 3933. Calculate the greatest common divisor of m and 376.
47
Let z(a) = 12*a**2 - 4*a + 2. Let i be z(2). Suppose 0*h + h - i = 0. Let u = 278 + -173. Calculate the greatest common factor of h and u.
21
Let c(g) = -g**2 - 8*g - 7. Let a be c(-7). Suppose a*o = -4*o + 4. Calculate the highest common factor of o and 11.
1
Suppose -3*j + 430 = 4*v, 0 = -3*j + 4*j + 4*v - 130. Suppose 6*t - 2*t - 3*n - 505 = 0, -t = 4*n - j. What is the greatest common factor of 52 and t?
26
Suppose -3*r - 60 = -7*s + 3*s, -2*r - 20 = -s. Calculate the highest common factor of 84 and s.
12
Suppose -59*b = -62*b - 9. Let n be (-4)/6 + (-128)/b + 4. Calculate the highest common factor of 138 and n.
46
Let v be 9/12 + 45/4. Let x be 42*11/((-154)/(-12)). Calculate the greatest common divisor of x and v.
12
Suppose 9*i = 15*i - 84. Suppose -10*k + i*k - 440 = 0. What is the greatest common divisor of 22 and k?
22
Let j(p) = -p - 9. Let d be j(-10). Let s(i) = 12*i**3 + 3*i**2 - 6*i + 4. Let v be s(d). What is the highest common divisor of 143 and v?
13
Let f be 1*(-4 + 3) - (25 + -30). Calculate the highest common divisor of f and 508.
4
Let a(d) = 33*d - 69. Let b be a(10). Calculate the greatest common divisor of b and 58.
29
Let c(r) = r**3 + 1. Let f be 8/(-14) - 18/(-7). Let x be c(f). What is the highest common divisor of x and 45?
9
Suppose j + 0*j - 4*t = 56, -184 = -5*j - 4*t. What is the highest common factor of j and 680?
40
Let w be (-17 + 13)/((-2)/(-6)). Let x be 8/w*-3 + 2. Suppose 7*o = x*o + u + 193, 4*u = -3*o + 203. Calculate the greatest common divisor of 13 and o.
13
Suppose -574 + 2 = -4*b. Let i = 17 - 4. What is the greatest common factor of b and i?
13
Let a = -422 - -431. Calculate the highest common divisor of a and 57.
3
Suppose 37*o + 120 = 42*o. Let n(b) = -b**3 + 11*b**2 - 9*b - 4. Let s be n(10). What is the highest common factor of o and s?
6
Suppose 178 = 4*l - 262. What is the greatest common divisor of 44 and l?
22
Let n = 158 - 99. Let a be (4 - 1)*(-58)/(-6)*1. Let j = n - a. Calculate the greatest common factor of j and 240.
30
Let f(c) = 70*c - 6. Let u(h) = 23*h - 2. Let l(p) = 2*f(p) - 7*u(p). Let o be l(-3). What is the highest common divisor of 26 and o?
13
Let n(x) = -x**2 + 48*x + 403. Let m be n(-7). Let d(g) = 6*g**2 + 3*g. Let v be d(-6). What is the greatest common divisor of v and m?
18
Suppose -11*h + 1593 = 3*p, 39*p = 3*h + 36*p - 423. Let s(q) = 11*q + 3. Let d be s(-4). Let r = -25 - d. Calculate the highest common factor of r and h.
16
Suppose 41*f - 36*f - 19 = -g, 4*f = 12. Calculate the highest common divisor of 16 and g.
4
Let w(u) = 362*u + 7. Let v be w(1). Calculate the highest common factor of 9 and v.
9
Suppose v - j + 6*j - 95 = 0, 2*j + 234 = 3*v. Suppose -6*c = 5 - 17. Suppose -c*n + 12 = -8. What is the highest common divisor of n and v?
10
Suppose 0 = -15*n + 4*n + 66. Let x = -17 + 29. Suppose -3*o = -o - x. What is the highest common factor of n and o?
6
Let w be ((-2)/6)/((-6)/126). Suppose 5 = 3*y - 2*y, -q + 3*y = 13. Suppose q = -0*z + 2*z. What is the greatest common factor of z and w?
1
Suppose -110 = -3*w + 5*c, 2 = 3*c + 14. Let r be 3 - ((-10)/w + 184/(-6)). What is the highest common divisor of r and 102?
34
Suppose -t - 144 = 7*t. Let b(u) = u**3 - 2*u**2 + 3*u - 6. Let a be b(4). Let f = t + a. Calculate the highest common divisor of f and 20.
20
Suppose -121 = -u + 5*h, 2*h + 466 = 6*u - 2*u. Suppose u = 3*f + 2. Calculate the highest common divisor of 114 and f.
38
Let l be (-8)/2 + 2 - -4. Suppose 3*y - l - 10 = 0. What is the greatest common divisor of 20 and y?
4
Let q(v) = v**2 + 22*v + 80. Let h be q(-20). What is the greatest common factor of 5 and h?
5
Let g be 3 + -6 + 2 + 4. Let j = 5 + g. Let h be (-255)/(-10)*j/3. What is the greatest common factor of 17 and h?
17
Let m be (4 + -1)/((-252)/(-12012)). What is the highest common divisor of m and 88?
11
Suppose 0 = -5*l + 4*v + 14, 0 = 3*l - 0*l + 5*v - 38. Suppose 0 = 14*p - 15*p + 42. Calculate the greatest common factor of l and p.
6
Let d be ((-16)/7)/(10/(-35)). Suppose 0 = a, 18 = d*t - 6*t + 5*a. What is the greatest common divisor of 9 and t?
9
Let h(m) = m**3 + 27. Let t be h(0). Let n be -2 + 2 + -38*(1 + -3). Suppose -c + 5 = -6*c, 0 = 3*z + 5*c - n. What is the highest common divisor of t and z?
27
Let m be 1 - 8/((-40)/465). What is the highest common divisor of 4 and m?
2
Let w = 8 + -5. Suppose 6 = -27*b + 6. Suppose b = w*c - 9, -x + 63 = 2*x - c. Calculate the greatest common factor of 154 and x.
22
Let b(l) = l**2 + 6*l - 4. Let v be b(-5). Let f = v + -5. Let j = f - -26. Calculate the highest common divisor of j and 48.
12
Let j = -28 - -34. Suppose j*m = 10*m - 120. What is the greatest common divisor of 10 and m?
10
Let a(s) = 2*s**2 - 27*s + 9. Let b = -160 - -174. Let f be a(b). What is the greatest common divisor of 161 and f?
23
Suppose 10 = 2*l - 5*c, -4*l + 0*c - 5*c + 80 = 0. Suppose 2*v - h - 602 = -3*v, 2*v + 4*h = 232. Calculate the highest common factor of v and l.
15
Suppose -3*a + 41 + 273 = -i, 0 = -5*a + i + 522. Calculate the highest common factor of 12 and a.
4
Let o(u) = -u**3 + 13*u + 14. Let z(b) = -b**3 + 13*b + 15. Let g(w) = 3*o(w) - 2*z(w). Let j be g(-7). Calculate the greatest common divisor of 24 and j.
24
Let k(u) = -19*u + 1. Suppose -d + 39 = d + 5*q, 53 = 4*d + 5*q. Let t = 5 - d. Let n be k(t). Calculate the greatest common divisor of n and 13.
13
Let n be -5*3 + -5 + 9. Let h(g) = -4*g - 16. Let j be h(n). Suppose -t + 19 = -9. Calculate the highest common factor of t and j.
28
Let w = 563 + 64. What is the highest common divisor of w and 33?
33
Suppose 0 = -28*b - 470 + 20966. Calculate the greatest common factor of 12 and b.
12
Suppose m + 74 = 5*z, 4*z + 9*m - 64 = 5*m. Calculate the highest common divisor of 1635 and z.
15
Let t = 187 - 178. What is the highest common divisor of 99 and t?
9
Suppose 3*s + 0*s - 6 = 0. Suppose -n - 132 = -4*n + s*t, -2*t = -n + 48. Calculate the greatest common factor of n and 14.
14
Let x(d) = d**3 - 31*d**2 + 27. Let k be x(31). What is the highest common factor of 135 and k?
27
Let m = 771 + -689. Calculate the highest common factor of 2 and m.
2
Let h be (-4 + -138)*(16 - 23). Calculate the highest common factor of h and 28.
14
Let z(c) = -8*c**3 + c**2 + c + 1. Let v be z(-1). Calculate the greatest common divisor of 261 and v.
9
Let q = 105 - 42. Let c(k) = -k**3 + 3*k**2 + 8*k - 10. Let w be c(3). Suppose w*l - 11*l - 21 = 0. What is the greatest common divisor of l and q?
7
Suppose -5*f - 43 = 17. Let z be (57/2)/(f/32). Let n be z/(-14) + (-30)/70. What is the highest common factor of n and 5?
5
Let s = -53 + 19. Let g = s - -44. Calculate the highest common factor of g and 110.
10
Let k = -1331 - -1341. Calculate the highest common factor of k and 1.
1
Let l = -529 + 577. Calculate the highest common divisor of l and 272.
16
Let q = 1407 - 1373. Calculate the greatest common factor of q and 833.
17
Let a(x) = -x + 2. Let s = -90 + 83. Let v be a(s). Calculate the greatest common divisor of v and 2.
1
Suppose 2*t - 35 + 27 = 0. Suppose 0 = 2*u + t*h - 124, -u - 115 = -3*u + 5*h. Calculate the hi